ommon factor of 334 and d.
2
Let d(y) = y + 5. Let v(k) = -3*k - 11. Let b(j) = -7*d(j) - 3*v(j). Let x be b(4). What is the greatest common factor of 12 and x?
6
Let x(a) = a**3 - 12*a**2 - 4*a + 92. Let o be x(12). Calculate the highest common divisor of o and 176.
44
Suppose -8*z + 16 = 0, -2*k + 191 = 2*z - 25. Calculate the greatest common factor of k and 954.
106
Let j(m) = 12*m + 2. Let b be j(0). Calculate the greatest common divisor of 19 and b.
1
Let a = 29 - 24. Suppose -5*x - a*u + 160 = 0, -5*x + 2*u = -x - 104. What is the greatest common divisor of x and 84?
28
Suppose -15*i - 1438 = -4753. Calculate the greatest common factor of 68 and i.
17
Suppose 0 = -8*w + 619 - 219. What is the greatest common divisor of w and 225?
25
Let m(h) = -h**3 + 11*h**2 - 12*h + 24. Suppose 0 = k - 0 + 1, 0 = -2*z + 3*k + 23. Let q be m(z). What is the highest common factor of q and 60?
4
Suppose -5*i + l - 24 = -10*i, -4 = -3*i + 2*l. Let c = i - 0. Let p be 23/c + (-2)/(-8). Calculate the greatest common divisor of p and 6.
6
Suppose n = 2*n - 10. Suppose 100 = n*x - 110. What is the highest common factor of x and 35?
7
Suppose 10*w + s = 6*w + 56, 3*w - 3*s - 27 = 0. What is the greatest common divisor of 91 and w?
13
Suppose 0 = 8*d - 9*d + 50. What is the highest common factor of d and 400?
50
Suppose 6*k - 664 + 178 = 0. Let j(x) = x**3 + 6*x**2 - 7*x - 15. Let c be j(-6). Calculate the highest common divisor of k and c.
27
Let f = -21 + 21. Suppose -l - 19 = -2*k + 2*l, f = -2*l + 6. What is the greatest common factor of 70 and k?
14
Let f be 4/(((-2)/(-72))/(15/45)). Calculate the greatest common factor of 324 and f.
12
Let u(w) = 4*w + 146. Let k be u(-35). Calculate the highest common factor of k and 16.
2
Suppose f - 192 = -3*f. Suppose 0*t = 4*w + 3*t - 24, 3*w - 18 = -4*t. Calculate the highest common factor of w and f.
6
Let r = -932 + 1108. Let c = -8 - -24. What is the greatest common divisor of c and r?
16
Suppose -7*n - 581 = -2912. What is the greatest common divisor of n and 37?
37
Let r be (-5)/2*(-40)/50. Suppose r - 12 = -d. What is the greatest common factor of d and 80?
10
Let l(k) = k**3 + 3*k**2 - 3*k - 2. Let z = -38 - -35. Let h be l(z). Calculate the greatest common factor of 63 and h.
7
Let n be 2*22 - (-11 - -11). Suppose n = 9*g - 5*g. Calculate the greatest common factor of 77 and g.
11
Let q be (-10)/2 + 60/8*8. What is the greatest common factor of q and 110?
55
Suppose 4*j - 133 = -5*f, -16*f + 17 = -15*f - 4*j. What is the greatest common factor of f and 15?
5
Suppose -2*w = -27 - 9. Suppose -5*v + 3*r = -66, -5*v - 2*r + 246 - 215 = 0. Calculate the greatest common divisor of w and v.
9
Suppose -4*z + 21 = -3*v, -4*v + 8 = -5*z + 35. Let y = -5 - z. Let f(j) = j**3 + 8*j**2 + 11. Let g be f(y). Calculate the highest common factor of g and 77.
11
Suppose -3*y + 1 = -2*v - 0, -1 = -4*v + 5*y. Suppose -n = v*n - 20. Let j be ((-7)/4)/((-1358)/1552). What is the greatest common factor of n and j?
2
Suppose 53*j = 126606 - 30888. Calculate the highest common divisor of 42 and j.
42
Suppose 0 = 5*a, 3*a - 2*a = 3*q. Suppose q = 2*f - 4*b - 24, 0*f - 3*f - 3*b = 9. What is the highest common divisor of f and 2?
2
Let t(h) = -160*h - 877. Let z be t(-7). Calculate the highest common factor of 54 and z.
27
Let c(z) = -z**2 - 6*z + 8. Let f be c(-6). Suppose 88 = -f*a + 12*a. Suppose -5*m + 6*m - a = 0. Calculate the greatest common factor of 198 and m.
22
Let f(k) = -k**3 + 18*k**2 - 62*k - 32. Let j be f(13). Calculate the highest common factor of 119 and j.
7
Let n = 84 + -40. Let i be n*(-2)/10*-25. Suppose 6*k = k + i. What is the greatest common divisor of 4 and k?
4
Let p be 2/(-6) - (-48)/9. Suppose p*t + 2*m - 50 = 0, m + 3*m - 28 = -4*t. What is the highest common factor of t and 96?
12
Suppose 0 = -2*o - 14*z + 11*z + 45, 4*o - 2*z = 50. What is the highest common factor of 5 and o?
5
Suppose -3*j = -5*l + 10, -4*l = 4*j + 9 - 49. Suppose -9 = -o - 4*v - 2, 0 = 4*o - v - 62. What is the highest common factor of j and o?
5
Suppose 379 = 3*l - 221. Suppose 5*m - 64 = j + 156, 4*j - l = -4*m. Calculate the highest common factor of m and 10.
5
Let o = 2646 + -2026. Calculate the greatest common divisor of o and 40.
20
Suppose -2*y - 6 + 28 = -5*q, -14 = 2*y + 4*q. What is the highest common factor of 29 and y?
1
Let w be (-1)/(0 + 4/(-36)). Let r be ((-2)/(2/w))/(9/(-63)). Calculate the highest common divisor of r and 42.
21
Suppose -3*t + 47 = -16. Let n be (0 - 2)/(((-2)/14)/(248/496)). What is the greatest common divisor of n and t?
7
Let q = 1340 + -1333. Calculate the greatest common divisor of q and 2317.
7
Suppose -34*t + 36*t + 588 = 0. Let z be (1*(2 + 1))/((-9)/t). Calculate the greatest common divisor of 14 and z.
14
Let a be 11 + -11 + -3*8/(-6). What is the highest common divisor of 20 and a?
4
Let s(d) = -d + 18. Let l(y) = y - 19. Let n(r) = 3*l(r) + 4*s(r). Let g be n(14). Let a be 2 + 30/(g - 0). What is the highest common factor of 16 and a?
16
Suppose 0 = -12*k + 7*k + 2260. Let h = 716 - k. Calculate the highest common divisor of h and 24.
24
Let p be 42/(-4)*(-28)/21. Suppose 12 = 3*g, p = -r + 5*g + 4. Calculate the greatest common divisor of 20 and r.
10
Let f be (-3)/2*16/6. Let i = f - -14. What is the highest common factor of i and 10?
10
Let q = -54 - -82. Suppose -27 = -2*l + 57. What is the greatest common factor of l and q?
14
Let u(k) = 3*k - 13. Let h be u(13). Suppose 4*c + 73 = g, -15*c = 2*g - 14*c - 128. What is the greatest common factor of g and h?
13
Let n(z) = -z - 47. Let k be n(-7). Let i = 90 - k. What is the highest common factor of 325 and i?
65
Let w(o) = -12*o + 46. Let u be w(4). Let x be (1 - 2)/((-3)/(-18)*u). Calculate the highest common divisor of 24 and x.
3
Suppose 580*x - 575*x - 70 = 0. Calculate the highest common factor of 175 and x.
7
Let t be (-2052)/(-45) + 2/5. Calculate the highest common divisor of 161 and t.
23
Suppose 0 = q - 4*j - 58, -2*q + 0*j + 88 = -j. Suppose 6 = 4*i - q. What is the highest common divisor of 18 and i?
6
Let y(h) = 2*h**2 + 6*h + 7. Let i be y(-5). Suppose 2*r + 25 = -3*r, -5*g = r - 10. What is the highest common divisor of g and i?
3
Let u = -179 - -185. Calculate the highest common divisor of u and 6.
6
Let t be (-216)/(-30) - 2/10. Let x(o) = -4 + 5*o**2 + 4 + 4*o - t + 2*o**2. Let z be x(3). Calculate the greatest common divisor of z and 17.
17
Let l be ((-15)/10)/(-1 + 10/16). Suppose -g + 17 = l. What is the highest common divisor of 104 and g?
13
Suppose 3*p = -4*d + 96 + 469, 5*p + d = 936. What is the highest common divisor of 51 and p?
17
Let u(y) = 17*y. Let l(v) = 69*v. Let j(r) = 2*l(r) - 9*u(r). Let n be j(-6). What is the greatest common divisor of 9 and n?
9
Suppose -13*t + 14*t - 21 = 0. Suppose 4*q - 77 = -t. What is the greatest common divisor of 14 and q?
14
Let c = 122 + -46. Calculate the greatest common factor of c and 4.
4
Let t = 13 + -5. Suppose 2*o - t = -4*f + 40, 4*o - 44 = 5*f. What is the greatest common divisor of o and 176?
16
Let k = -1663 + 1741. Calculate the greatest common factor of k and 416.
26
Suppose 0 = -5*p + 4*p + 2. Suppose -2*j + 6 + p = 0. Let g(l) = l - 7. Let t be g(11). Calculate the highest common factor of j and t.
4
Let u(l) = -2*l - 24. Let c be u(-14). Suppose -9*z = -c*z - 450. Calculate the highest common divisor of 18 and z.
18
Suppose 39*d - 38*d = 0. Suppose d*k = -6*k + 42. What is the greatest common factor of 14 and k?
7
Suppose 2*d + 3 = 117. Let s = d + -42. Calculate the greatest common factor of s and 10.
5
Let l = 112 + -53. Suppose 0 = f + 4*c + 7, 18 - l = -5*f - c. What is the greatest common factor of f and 1?
1
Let x be 6/9 + (-992)/(-24). Let o be 14/x + (-10)/(-6). What is the greatest common factor of 38 and o?
2
Let v = -192 + 196. Suppose 3*y + 4*g = -10, -4*y + 2*g = 4*g. Suppose 0 = 5*j + 5, y*u + j = 5*u - 61. What is the greatest common divisor of u and v?
4
Let n(i) = 2*i**3 - 10*i**2 - i + 7. Let z be n(5). Let p = 26 + -7. Suppose -z = 3*t + 4*b, -3*t - t - b = -p. What is the highest common factor of t and 4?
2
Suppose -18 = -3*g - 0*g. Let p be (-2)/g + (-22)/6. Let c = 5 + p. What is the greatest common divisor of c and 8?
1
Let p b